 by (((-972)/(-63))/(-9))/(24/(-672))?
11
Suppose -3*r + 100 = r. Suppose 0 = 15*s - 11*s - 12. What is the remainder when r is divided by 1/1 + (s - (-2 + -3))?
7
Suppose -3*n + 248 = 128. Suppose n*c - 35*c = 75. Suppose -17 - 19 = -4*z. Calculate the remainder when c is divided by z.
6
Let t(f) = -f**2 + 25. Let o be t(-5). Suppose o = 84*q - 79*q - 270. Calculate the remainder when 265 is divided by q.
49
Let i = 569 + -947. Let j = 498 + i. What is the remainder when j is divided by 11?
10
Calculate the remainder when ((-663)/(-2) - -3)*(-14 - -27 - 11) is divided by 316.
37
Calculate the remainder when 9/((-81)/(-24129)) + -19 is divided by 1321.
20
Suppose 18*n = -18*n + 19391 + 8185. What is the remainder when n is divided by 48?
46
Suppose 3*j - 48 = -5*r, -5*j + 741 = -3*r + 627. What is the remainder when 1400 is divided by j?
14
Let z(n) = -4*n - 2. Let i be z(-6). Let q = 225 - i. What is the remainder when q is divided by 51?
50
Suppose 0*v = 4*u - 2*v + 1746, -v = -3. Let l be (u/30)/(1/2). Let j = l + 82. Calculate the remainder when j is divided by 19.
15
Let p(r) = -5*r**3 + 1 - 3*r**2 + 4*r - r + 4*r**3 + 0*r**3. Let m be p(-2). Calculate the remainder when (0 - m/3) + 21 is divided by 7.
3
Let b(x) = x + 39. Let d be 3/(-5) + 1264/(-10). Let c = d - -115. What is the remainder when 104 is divided by b(c)?
23
Let c = 143 + -85. Let i = c + -49. Calculate the remainder when 17 is divided by i.
8
Suppose -17 = -d + 2*n + 2*n, d - 12 = 3*n. Let g be (4/((-4)/d) + -1)*8. What is the remainder when 31 is divided by g*(38/8 - 4)?
7
What is the remainder when (-944)/112 - -8 - (-104954)/7 is divided by 46?
43
Let y(w) = 9*w - 8 + 7 - w**2 - 11*w - 21*w**3. What is the remainder when 76 is divided by y(-1)?
13
Calculate the remainder when 1392 is divided by 2*(434/(-28))/(5/(-25)).
152
Suppose -1418 = -173*o + 130062. Calculate the remainder when o is divided by 64.
56
Let d(y) = -y**2 + 1373*y - 71100. Suppose 5*c - 1 - 9 = 0. Suppose 2 = -q, -q - 30 = -c*b - 2*q. What is the remainder when d(54) is divided by b?
14
Suppose -i - 2 = 0, -2*j + 5*i + 60 - 12 = 0. Suppose -61 = 5*r + j. What is the remainder when r/2*(-75)/12 is divided by 13?
11
Let y(d) = 2*d**3 - 5*d**2 - 5*d + 6. Let t be y(3). Suppose t = -3*f + 5*f - 44. What is the remainder when f is divided by 12?
10
Suppose -74*a + 76 + 2292 = 0. Calculate the remainder when 58 is divided by a.
26
Let f = 61 - 44. Suppose -21*z + 152 = -f*z. Suppose 158 = 5*b + z. Calculate the remainder when b is divided by 15.
9
Let t(g) = 114*g - 2. Suppose 0 = -74*l + 310*l - 19051 + 5599. Calculate the remainder when t(5) is divided by l.
55
Let r = 7 + -10. Let u(k) = -5*k**3 - 3*k**2 - 2. Let h be u(r). Suppose h - 16 = 5*q. Calculate the remainder when 31 is divided by q.
13
Suppose 6*h + h + 8*h - 702 = 2*h. Let k(d) = -d**3 + 2*d**2 + d. Let c be k(2). Suppose g + 16 = c*g. What is the remainder when h is divided by g?
6
Suppose 45 = 2*f + 3. Let u = -8698 + 8706. Calculate the remainder when 2/(-7) - (-804)/f is divided by u.
6
Suppose 3*a = 4*t + 161, -69 - 147 = -4*a + 4*t. Suppose 0 = -17*f + 2905 + 3589. Calculate the remainder when f is divided by a.
52
Suppose 8*y - 6 = 26. Calculate the remainder when ((-2)/y*2)/((-23)/2162) is divided by (-2)/(-4)*-2 + 9.
6
Let n be (24/(-6))/(10/(-660)). Suppose 49*l + n = 61*l. What is the remainder when 51 is divided by l?
7
Let j(c) = 4*c**2 - 1. Let m = 49 - -165. Let n = -176 + m. What is the remainder when n is divided by j(-1)?
2
Suppose 4 = d - 4*k, 28 = -2*d + 3*d + 2*k. Calculate the remainder when (-224)/(-2) + 20 + -16 is divided by d.
16
Suppose 81*d - 49 = 74*d. Suppose -2*y = -x - 25, 5*y + 22 = d*y + 2*x. Calculate the remainder when 43 is divided by y.
7
Suppose -4*c = 77 - 129. Calculate the remainder when (9/(-5))/((-78)/1040) is divided by c.
11
Suppose 0 = 9*z - 8*z - 2*v + 386, v = 2*z + 781. Calculate the remainder when 502 is divided by z/(-10) + 1*(-6)/30.
34
Let a = 483 - 139. Suppose a*u = 346*u - 30. What is the remainder when 83 is divided by u?
8
Suppose 4*w = -3*n + 104, 3*w + 7*n = 3*n + 78. Let q(t) = 107*t - 5. Let l = 110 + -109. Calculate the remainder when q(l) is divided by w.
24
Suppose -1079 = 8*p - 2215. Calculate the remainder when p is divided by 23.
4
Let d = -154 - -157. Suppose o = 5*t - 2*t - 44, -d*t - 3*o + 36 = 0. What is the remainder when t is divided by -2 + (-20)/(-2 + 0)?
6
Suppose 6*w = -w + 61 + 499. What is the remainder when 345 is divided by w?
25
Let m(l) = 54550*l + 54561. Calculate the remainder when 94/3 - (-4)/6 is divided by m(-1).
10
Suppose -62*b = i - 58*b - 184, -5*i + b = -626. Calculate the remainder when i is divided by (-103)/(-3) - 1/3.
26
Suppose 41*w = -13*w + 15336. Calculate the remainder when w is divided by 42.
32
Suppose -565*x = -332*x + 3212 - 36764. Calculate the remainder when 1288 is divided by x.
136
Let f = 32748 - 16800. Calculate the remainder when f is divided by 13.
10
Let b(n) = -n**3 + 9*n**2 + 8*n - 12. Let j be b(9). Let l = j + 133. What is the remainder when l is divided by 13?
11
Suppose -4*x + 0*x - y + 29 = 0, 37 = 5*x + y. Suppose 9*w - 1 - x = 0. Calculate the remainder when 39 is divided by (-162)/(-16) - w/8.
9
Let m(u) = -u**2 + u + 2. Let k(z) = 3*z**2 - 6*z + 84. Let h(f) = -k(f) - 4*m(f). What is the remainder when 198 is divided by h(11)?
45
Suppose -5*o + 3 + 337 = 0. Let x = o + 31. What is the remainder when x is divided by 25?
24
Let r(k) = 73*k**3 + 2*k**2 - 24*k + 28. What is the remainder when r(2) is divided by 188?
8
Let v be ((-270)/(-35))/((-3)/(-14)). Suppose v*o = 25*o + 297. What is the remainder when 134 is divided by o?
26
Let v(n) = n**3 + 8*n**2 - 87*n + 40. What is the remainder when 3523 is divided by v(-14)?
79
Suppose -79 = -5*k - 4*d + 53, -2*k + 5*d + 33 = 0. Suppose -468 = -42*h + k*h. Calculate the remainder when h is divided by 9.
8
Suppose -645 = 4*a - 93. Let j = a - -143. Suppose -j*w = -2*l + 32, 0*l - 5*w + 1 = l. Calculate the remainder when 31 is divided by l.
9
Let y(g) = 5*g**3 + 115*g**2 - 21*g + 263. Calculate the remainder when 1495 is divided by y(-23).
3
Let q(p) = 2*p**2 - 71*p - 520. What is the remainder when 820 is divided by q(44)?
136
Let m be 1*1*(2 - 2). Suppose m*p - 4*z - 18 = -p, -4*z = -3*p + 38. Suppose -q = 2*c - 42, -2*q = 2*c - 18 - 62. What is the remainder when q is divided by p?
8
What is the remainder when 431 is divided by 550/(-4)*(92/20 + -5)?
46
What is the remainder when -7 - ((-57)/(-1))/((-69)/322) is divided by 37?
0
Let l = -55 + 60. Suppose l = -5*c, -2*z - 3*c - 499 = -6*z. Suppose -z + 6 = -2*f. What is the remainder when f is divided by 12?
11
Let t be (-4)/30 + 4508/735. Suppose -t = -5*r + 14. Let h(g) = g**2 + 6*g - 4. What is the remainder when r is divided by h(-7)?
1
Let x = 14 + 11. Suppose -a + x + 21 = 0. Calculate the remainder when a is divided by 25.
21
Suppose v + 2*u = 6, 6 = 4*u - u. Suppose -w + 80 - 1 = 5*t, v*t = -5*w + 27. What is the remainder when 29 is divided by t?
13
Let p be (-6)/9*(3/(-3) + 7). What is the remainder when (p/2)/(66/(-1683)) is divided by 18?
15
Suppose -4*u + 1345 = 233. Let w = 377 - u. What is the remainder when w is divided by 51?
48
Suppose 0*o = -2*o + 3*b - 152, b = -4*o - 332. Let t = o - -211. Suppose 0 = -8*a + 71 + t. Calculate the remainder when 41 is divided by a.
16
Let n(y) = -578*y - 1692. What is the remainder when n(-3) is divided by 27?
15
Let l = -905 + 1013. Calculate the remainder when (-492)/l + 8/(-18) + 190 is divided by 47.
44
Let m(b) = 9*b**3 - 2*b**2 + 4*b - 2. Calculate the remainder when (33/(-2))/(14/(-28)) is divided by m(1).
6
What is the remainder when 47/7 + -7 - (7842/(-7) + 2) is divided by 102?
98
Calculate the remainder when 187 is divided by 7/(63/486) + (5*-2)/2.
40
Suppose -5*u + 228 = 920*y - 919*y, -5*u + 2*y = -234. What is the remainder when 68 is divided by u?
22
Suppose 15*i - 5146 - 16679 = 0. What is the remainder when i is divided by 26?
25
Suppose 43*b - 1285 = -253. What is the remainder when 405 is divided by b?
21
Suppose 0 = -2*y - 69 - 65. Calculate the remainder when 6 + (35/5 - y) is divided by 4.
0
Suppose 60 = 8*c - 3*c. Suppose -217*g + 418*g = 14370